{"id":121,"date":"2023-05-04T07:34:07","date_gmt":"2023-05-04T07:34:07","guid":{"rendered":"https:\/\/nfpf.net\/nera-network-19\/?page_id=121"},"modified":"2026-05-07T13:17:14","modified_gmt":"2026-05-07T13:17:14","slug":"contact","status":"publish","type":"page","link":"https:\/\/nfpf.net\/nera-network-19\/contact\/","title":{"rendered":"Contact"},"content":{"rendered":"\n<p><\/p>\n\n\n\n<h3 class=\"wp-block-heading\">Network Conveners:<\/h3>\n\n\n\n<p><\/p>\n\n\n\n<p><strong>Ellen Rohaan<\/strong>, PhD, Associate professor (f\u00f8rsteamanuensis), Fontys University of Applied Sciences, Faculty of Education, Eindhoven, The Netherlands<\/p>\n\n\n\n<p>E-mail: e.rohaan@fontys.nl<\/p>\n\n\n\n<p><\/p>\n\n\n\n<p><strong>Pia Rose B\u00f6wadt<\/strong>, PhD, Docent, K\u00f8benhavns Professionsh\u00f8jskole, Det l\u00e6rerfaglige Fakultet, Institut for L\u00e6reruddannelse, Kopenhagen, Denmark<\/p>\n\n\n\n<p>E-mail: prb@kp.dk<\/p>\n\n\n\n<p><\/p>\n","protected":false},"excerpt":{"rendered":"<p>Network Conveners: Ellen Rohaan, PhD, Associate professor (f\u00f8rsteamanuensis), Fontys University of Applied Sciences, Faculty of Education, Eindhoven, The Netherlands E-mail: e.rohaan@fontys.nl Pia Rose B\u00f6wadt, PhD, Docent, K\u00f8benhavns Professionsh\u00f8jskole, Det l\u00e6rerfaglige Fakultet, Institut for L\u00e6reruddannelse, Kopenhagen, Denmark E-mail: prb@kp.dk<\/p>\n","protected":false},"author":9,"featured_media":450,"parent":0,"menu_order":0,"comment_status":"closed","ping_status":"closed","template":"","meta":{"footnotes":""},"class_list":["post-121","page","type-page","status-publish","has-post-thumbnail","hentry"],"_links":{"self":[{"href":"https:\/\/nfpf.net\/nera-network-19\/wp-json\/wp\/v2\/pages\/121","targetHints":{"allow":["GET"]}}],"collection":[{"href":"https:\/\/nfpf.net\/nera-network-19\/wp-json\/wp\/v2\/pages"}],"about":[{"href":"https:\/\/nfpf.net\/nera-network-19\/wp-json\/wp\/v2\/types\/page"}],"author":[{"embeddable":true,"href":"https:\/\/nfpf.net\/nera-network-19\/wp-json\/wp\/v2\/users\/9"}],"replies":[{"embeddable":true,"href":"https:\/\/nfpf.net\/nera-network-19\/wp-json\/wp\/v2\/comments?post=121"}],"version-history":[{"count":50,"href":"https:\/\/nfpf.net\/nera-network-19\/wp-json\/wp\/v2\/pages\/121\/revisions"}],"predecessor-version":[{"id":455,"href":"https:\/\/nfpf.net\/nera-network-19\/wp-json\/wp\/v2\/pages\/121\/revisions\/455"}],"wp:featuredmedia":[{"embeddable":true,"href":"https:\/\/nfpf.net\/nera-network-19\/wp-json\/wp\/v2\/media\/450"}],"wp:attachment":[{"href":"https:\/\/nfpf.net\/nera-network-19\/wp-json\/wp\/v2\/media?parent=121"}],"curies":[{"name":"wp","href":"https:\/\/api.w.org\/{rel}","templated":true}]}}